 4*q + 42 = -3*x. Let m = 35 - x. Calculate the greatest common factor of 7 and m.
7
Suppose -4*s - 2*w = -1 - 1, -4*s = 4*w + 4. Let u be -2 + 1 + 35 + s. Calculate the highest common factor of 4 and u.
4
Let c = -3 - -19. What is the highest common divisor of 2 and c?
2
Let w be 23/69 - (88/(-6) + 0). Calculate the highest common factor of w and 135.
15
Suppose -5*x + 1330 - 10 = 0. Let w(h) = h - 5. Let k be w(8). Suppose -f + x = k*f. What is the highest common divisor of 6 and f?
6
Let y be 22*((-3)/2)/(-1). Suppose 0 = 2*i + 3*q - 1 - 3, -3*i + 2*q = -19. Let m = i + y. What is the greatest common divisor of 95 and m?
19
Let w be ((-15)/4)/((-9)/48). Calculate the greatest common divisor of w and 15.
5
Suppose 0 = -8*x - 2*x + 130. What is the highest common divisor of x and 117?
13
Let p = -18 + 3. Let u be 5/(p/(-9)) - -2. Calculate the highest common factor of 10 and u.
5
Suppose -4*c - 21 = -c. Let r = c + 40. What is the greatest common divisor of r and 3?
3
Let k be (-60)/(-16)*(-4)/1. Let s be -2 + 3 - 3 - k. Let x = s - 9. Calculate the highest common divisor of x and 44.
4
Suppose 3*w = -2*g + 846, -5*w + 0*g - g = -1403. Suppose -w = -5*u + 10. Let l = 103 - u. Calculate the greatest common divisor of 9 and l.
9
Let m be 6*9/(-18) + 27. Suppose -2*s = 5*j - 90, 2*s = 3*j - 2*s - 28. What is the highest common factor of m and j?
8
Suppose g - 94 = -2*m, -g + 2*g - 80 = 5*m. What is the greatest common divisor of 135 and g?
45
Suppose 9*p - 215 + 71 = 0. What is the highest common divisor of 32 and p?
16
Let z(d) = -d**3 - d**2 + d. Let r be z(-2). Let k be (141/6 - 1)*r. Calculate the highest common factor of k and 18.
9
Suppose -d + 8 = i - 5, 2*d - 61 = 5*i. Let x = 1 + d. Suppose -x = m - 117. What is the greatest common factor of 14 and m?
14
Suppose 3*d - 6 = 2*h + 172, -h + 61 = d. Suppose -12 = 4*m - d. Let o = 70 - 22. What is the greatest common factor of m and o?
12
Let f = 8 - 5. Suppose 28 = f*j + p, p + 0 = 1. Suppose 21 + 303 = 4*q. What is the highest common divisor of j and q?
9
Suppose 8*v - 15*v = -665. Suppose -o + 8 = -11. Calculate the highest common divisor of o and v.
19
Let v = 9 - 3. Let p(a) = 33*a + 11*a + 22*a. Let z be p(1). What is the greatest common divisor of z and v?
6
Suppose 0 = -3*k - 0*k. Suppose k = -2*v, -3*v = -2*g - 2*g + 192. Suppose 7*q = 9*q - 24. Calculate the greatest common factor of q and g.
12
Suppose -7*q + 48 + 78 = 0. Calculate the greatest common factor of 90 and q.
18
Suppose -17*s + 440 = -6*s. Calculate the highest common divisor of s and 24.
8
Suppose -v - 2*z + 9 = -0*z, -39 = -2*v + 3*z. Suppose -5*y - v = 0, -3*f + 20 - 2 = 5*y. Let b = 4 + 7. Calculate the greatest common divisor of b and f.
11
Let i = -15 - -13. Let h(a) = -3*a**3 - 2*a**2 + 2*a. Let g be h(i). Suppose 47 = -3*b + 299. What is the greatest common factor of g and b?
12
Suppose -3*t - 2*t = -25. Let a(d) = -d + 5. Let p be a(0). Calculate the greatest common factor of t and p.
5
Let p(w) = w**2 - 33. Let f be p(0). Let v = -9 - f. What is the greatest common divisor of v and 96?
24
Let l be (-27)/15*(-20)/(-6)*-1. What is the highest common divisor of l and 6?
6
Suppose 4*m = 24 + 12. Calculate the highest common factor of m and 18.
9
Suppose -455 = -4*c - 3*c. Suppose 4 = 2*h - 4*r - 60, 2*r - 46 = -2*h. What is the greatest common divisor of h and c?
13
Let r(l) = 9*l**2 + l. Let p be r(1). Suppose w = -4*w + p. Let y be 63 + w + (0 - 0). What is the highest common divisor of y and 26?
13
Let x be ((-5)/15)/((-2)/30). Let m(r) = -11*r + 0 + 0 + 1 - x. Let p be m(-8). What is the highest common factor of p and 12?
12
Let y be 0/(5/((-10)/(-4))). Let b = y - -10. What is the highest common divisor of b and 20?
10
Let l be (-2)/((-3)/(21/2)). Let q = -2 - -2. Suppose -a + 4*w + 29 = q, 2*w - 44 = -a + 3*w. Calculate the highest common divisor of l and a.
7
Suppose -5*b + 145 - 25 = 0. Suppose 5*c - 60 = 4*o, -4*o + 12 = 2*c - 12. What is the greatest common factor of b and c?
12
Let v(r) = -r**3 - 6*r**2 - 7*r - 4. Let n be v(-5). Let m = -4 + n. Let b be -1 + (-63)/(-1) + m. What is the greatest common divisor of 16 and b?
16
Suppose 4*g = -3*h - 0*g + 33, -3*h + 33 = -2*g. What is the highest common factor of h and 99?
11
Let n(l) = l**3 - 7*l**2 - l + 9. Let k be n(7). Let q be 32 - k/3*3. Suppose -4*o = o - q. Calculate the greatest common divisor of o and 54.
6
Let s = -15 + 23. Calculate the greatest common factor of s and 1.
1
Let x(k) = 2*k**2 + 8*k - 4. Let l be x(-4). Let j be (11 - l)/3 + -4. What is the greatest common factor of 1 and j?
1
Let v be 24/60 + 66/10. Calculate the highest common factor of 63 and v.
7
Let a be (-2)/(-8) + (-69)/4. Let g = -7 - a. Calculate the greatest common divisor of 50 and g.
10
Let q be (-1431)/12 - 3/(-12). Let r be (-4)/2*q/7. Let j = 30 + -13. What is the greatest common divisor of r and j?
17
Let d be -1 + 3/(1 + 0). Suppose -3*y + 4 + 0 = d*z, -z - 4*y + 2 = 0. Calculate the greatest common factor of 4 and z.
2
Let u(n) = 5*n + 3. Let c be u(3). Let z = 31 + c. Calculate the highest common divisor of 7 and z.
7
Suppose -2*v - 1 = 1, -3*s + 3*v + 18 = 0. What is the highest common factor of s and 5?
5
Let q(l) = 20*l - 17. Let p be q(8). What is the greatest common factor of 11 and p?
11
Let i(n) = 2*n**2 + 4*n - 16. Let u be i(-6). What is the highest common divisor of 48 and u?
16
Let f(w) = 3*w**2 - 6*w + 9. Let n(l) = -7*l**2 + 11*l - 19. Let m(u) = 9*f(u) + 4*n(u). Let z be m(-10). Calculate the highest common factor of 10 and z.
5
Let d(r) = -7*r - 3. Let x be d(-2). Let i be 9/(-6) + 22/4. Let l = 7 + i. Calculate the highest common factor of x and l.
11
Let u(b) = 89*b**2 + 2*b + 1. Let c be u(-1). Calculate the greatest common factor of 66 and c.
22
Let d = 36 - 25. Let k = d - -2. Calculate the greatest common factor of 143 and k.
13
Suppose 5*f - 96 = 2*f. Calculate the highest common factor of 96 and f.
32
Let o(d) = -d**2 - 15*d - 6. Suppose -4*z - 3*a - 64 = 0, -72 = 5*z - z + 5*a. Let s be o(z). What is the highest common divisor of s and 4?
4
Suppose 0 = f + 3*f. Suppose -2*b - 2 + 6 = f. Suppose -16 = -2*t + 2*w + 16, 0 = -b*t - 2*w + 32. What is the greatest common factor of 2 and t?
2
Suppose -4*x = 2*z + 20, -3*z - 2*z - 3*x - 36 = 0. Let j = 15 + z. What is the greatest common factor of j and 9?
9
Let f be (-571)/(-7) - 24/42. Calculate the highest common factor of f and 9.
9
Suppose 0 = 4*z - 384 - 64. Calculate the highest common factor of 14 and z.
14
Let f(q) = -q - 4. Let v be f(-6). Suppose v*w - 4 = w. Suppose w*u - 26 = -3*b + 2*b, u - 3*b = 0. What is the greatest common factor of 24 and u?
6
Let v = 358 + -116. Calculate the highest common divisor of 22 and v.
22
Suppose -2*s - 131 = -4*m + 1991, 0 = 2*m - 2*s - 1060. Suppose n = -3*i + 90, 5*n = -i - 123 + m. What is the greatest common divisor of n and 9?
9
Let c(g) = -g**2 + g + 8. Let y be c(0). Calculate the highest common factor of y and 56.
8
Suppose -q - 7 - 1 = -f, 4*f - 2 = -2*q. Suppose 2*l + 72 = 3*p, 0 = -p + f*p + l - 48. What is the highest common factor of 36 and p?
12
Let j(y) = 2*y**2 + y. Let s be j(2). Let l(n) be the first derivative of -3*n**4/4 - n + 1. Let v be l(-1). What is the highest common factor of v and s?
2
Suppose t - 5*i = -0*t - 2, 5*i = -t - 2. Let f(g) = -5*g**3 - 2*g**2 - g - 2. Let r be f(t). What is the greatest common factor of 48 and r?
16
Let m be (-2 - 1)/(3/(-44)). Let y = 22 - 11. What is the greatest common factor of m and y?
11
Suppose 81 = 15*i - 54. Suppose 3*z + 4*n = 232, 0*z + 92 = z + 5*n. Calculate the greatest common factor of z and i.
9
Suppose -4*a = -5*z - 377 - 554, -4*z = 4*a - 940. Suppose -i - a = -4*i. Calculate the highest common factor of 26 and i.
26
Let n be ((-2)/(-5))/(-4 + (-427)/(-105)). Suppose -83 - 13 = -2*q + 3*d, -5*q + 240 = 2*d. Calculate the highest common factor of n and q.
6
Suppose 0 = 3*h - o + 25, -2*o - 3*o = -5. Let m = h + 13. Let z be ((-6)/5)/(m/(-50)). Calculate the greatest common factor of z and 6.
6
Let m be -2 + 4 - (-1 - -1). What is the highest common divisor of 6 and m?
2
Let o = -519 + 614. Let r = -79 - -117. Suppose 0*w = -2*w + r. Calculate the greatest common divisor 